e 14) to base 9
-10511600
What is 100211120301 (base 4) in base 13?
b92a67
Convert 11101000002 (base 3) to base 16.
15008
What is 34162 (base 7) in base 6?
104044
What is -143311134 (base 5) in base 9?
-1377672
What is -1341121 (base 6) in base 14?
-1d6c1
What is -1871294 (base 13) in base 10?
-7999736
What is 1480aab (base 12) in base 8?
17647043
Convert 1372680 (base 11) to base 9.
4387214
372320 (base 8) to base 12
62240
Convert 890670 (base 12) to base 10.
2178228
-234111530 (base 6) to base 8
-20610216
What is 110001011110010111 (base 2) in base 9?
337873
-1110010101110101 (base 2) to base 14
-1759b
2173680 (base 9) to base 6
41031243
What is 352a61 (base 12) in base 10?
855145
-2320011203 (base 4) to base 3
-1102022022122
What is 34504332 (base 6) in base 7?
12030521
What is -27066757 (base 8) in base 11?
-3468068
Convert 188856 (base 11) to base 5.
33233411
-2361770 (base 9) to base 6
-43241230
Convert -131435003 (base 6) to base 5.
-1131232110
1001010000010001011000110 (base 2) to base 11
aa56205
What is -1400187 (base 9) in base 11?
-484948
What is 543460 (base 10) in base 6?
15352004
Convert -22202110012212 (base 3) to base 4.
-101300100032
What is -2187041 (base 10) in base 9?
-4103045
Convert 8035a (base 12) to base 5.
20311030
What is 103202021031 (base 4) in base 13?
10a3946
Convert 313322 (base 5) to base 7.
42334
-254132 (base 6) to base 11
-16276
What is -536540 (base 7) in base 2?
-10110110110000001
What is -20203303300 (base 4) in base 5?
-1033300244
353bbb (base 12) to base 2
11010001001111111111
-23231615 (base 7) to base 11
-1174899
-1858651 (base 9) to base 4
-3332220322
What is -41ce7 (base 16) in base 14?
-70331
Convert -34056466 (base 8) to base 16.
-705d36
43110133 (base 6) to base 5
311100331
Convert -1a3b4 (base 14) to base 6.
-1232202
37214 (base 8) to base 13
7399
What is 48094 (base 12) in base 6?
2024304
Convert a3692a (base 11) to base 4.
12112020310
Convert -331124432 (base 5) to base 8.
-5342663
Convert -3011201120 (base 4) to base 2.
-11000101100001011000
-85b57a (base 16) to base 12
-2b2704a
-2115560 (base 9) to base 3
-2010112122000
Convert -34203322 (base 5) to base 7.
-2403044
Convert 192593 (base 11) to base 13.
a4a7a
What is -1101321403 (base 5) in base 14?
-459b00
What is -1775641 (base 9) in base 13?
-28aab2
12142521 (base 6) to base 9
648564
What is -460345 (base 7) in base 3?
-11011020011
What is -645407 (base 10) in base 11?
-4009a4
Convert 2b63b (base 12) to base 3.
10010012202
What is 660313 (base 7) in base 13?
406b4
What is -340578 (base 14) in base 13?
-49bab1
What is -a4c308 (base 13) in base 16?
-3acee5
72562 (base 8) to base 10
30066
Convert 40401031 (base 6) to base 5.
243313313
Convert -5450132 (base 8) to base 15.
-1dd45c
What is -790b3 (base 15) in base 5?
-44304133
What is -141b6 (base 15) in base 3?
-10021111200
12bcb (base 13) to base 8
104245
Convert e394 (base 15) to base 14.
13732
Convert 9f389 (base 16) to base 15.
cd37e
What is -180a397 (base 11) in base 2?
-1011101110011011010100
2217212 (base 8) to base 15
bc12c
dbacd (base 14) to base 13
158047
Convert -12812607 (base 9) to base 10.
-6326755
101210221221220 (base 3) to base 9
11727856
What is 2506307 (base 8) in base 13?
1b2917
What is 645392 (base 11) in base 7?
11525500
What is -110110100100001110010011 (base 2) in base 12?
-4959a43
Convert 4727611 (base 8) to base 7.
13652200
What is 103100213213 (base 4) in base 13?
107a07a
Convert -21444213 (base 6) to base 11.
-3aa738
-10010100110100111110 (base 2) to base 16
-94d3e
Convert -54734 (base 8) to base 3.
-1011120000
-3595430 (base 10) to base 13
-98b697
38333 (base 10) to base 12
1a225
Convert 4123420112 (base 5) to base 8.
40075300
What is 122977a (base 11) in base 9?
4014755
Convert ca22 (base 15) to base 4.
22130132
Convert 44218 (base 12) to base 2.
10110000000110100
Convert 1331422230 (base 5) to base 4.
30323122021
-2053335 (base 6) to base 12
-4a24b
1484654 (base 11) to base 16
26bdfa
What is -200221221000 (base 3) in base 15?
-75899
414300334 (base 5) to base 4
12202013102
ee93f (base 16) to base 15
14482a
101020012011020 (base 3) to base 9
11205136
What is -141925 (base 11) in base 3?
-102021121112
What is -25818 (base 11) in base 8?
-110074
What is 13b5a7 (base 12) in base 9?
553811
Convert -1633445 (base 9) to base 3.
-1201010111112
What is -130223331 (base 4) in base 15?
-24c36
Convert -16e430 (base 15) to base 10.
-1111320
What is -100000110111000000 (base 2) in base 9?
-224556
What is 5038a (base 13) in base 6?
3024002
Convert 483a9a6 (base 11) to base 10.
8433090
What is -529e4 (base 15) in base 3?
-111022112221
What is -10454315 (base 6) in base 7?
-2464403
Convert -23112220 (base 5) to base 14.
-5570d
Convert 4176477 (base 8) to base 2.
100001111110100111111
-1252104 (base 6) to base 4
-100320220
What is -322111002 (base 4) in base 10?
-238914
What is -70acd (base 15) in base 4?
-1113013102
Convert 771449 (base 10) to base 11.
487668
Convert 864c1 (base 15) to base 12.
186877
Convert -30377502 (base 9) to base 13.
-3035246
41345 (base 13) to base 11
7a9a9
What is 10201210201121 (base 3) in base 7?
22602442
Convert 9a237 (base 11) to base 14.
3ad8d
Convert 46625 (base 13) to base 15.
280eb
Convert -60355600 (base 7) to base 12.
-1814991
-467875 (base 10) to base 12
-1a6917
What is -1200313113 (base 4) in base 2?
-1100000110111010111
17531 (base 13) to base 9
67435
What is -1011011110011001110 (base 2) in base 11?
-237561
Convert 6673082 (base 9) to base 3.
20202110002202
What is 111100100011001100101 (base 2) in base 7?
22602360
What is 6c80a0 (base 14) in base 16?
389c4c
-2134314103 (base 5) to base 3
-22122220212211
116380 (base 15) to base 5
203043140
Convert 8013586 (base 10) to base 5.
4022413321
Convert -312500040 (base 6) to base 10.
-5451000
What is 1001101000001000110 (base 2) in base 14?
82d70
11111110101010111 (base 2) to base 14
35739
Convert -54637017 (base 8) to base 7.
-201563215
Convert 1234551 (base 9) to base 4.
2210031031
135721 (base 9) to base 8
242023
Convert 1657000 (base 9) to base 4.
3201133323
What is -1d9a02 (base 15) in base 14?
-29a687
Convert -730082 (base 9) to base 11.
-276438
Convert -122202010 (base 3) to base 11.
-97a0
Convert 637312 (base 8) to base 6.
4320350
What is 887378 (base 16) in base 5?
4242124311
What is 494f4 (base 16) in base 7?
2360304
151414 (base 8) to base 10
54028
What is 1542713 (base 9) in base 4?
3100232313
What is -827434 (base 10) in base 11?
-515733
What is -11110101101001011 (base 2) in base 10?
-125771
Convert 102551556 (base 7) to base 9.
12422166
-2203033311 (base 4) to base 2
-10100011001111110101
Convert -29f4 (base 16) to base 12.
-6270
-209505 (base 14) to base 11
-692499
What is -4010253 (base 6) in base 13?
-67776
What is 2aa7009 (base 12) in base 3?
121022222101100
Convert -20036605 (base 8) to base 14.
-7b83c1
Convert 2320012002 (base 5) to base 8.
23761064
Convert -56301 (base 15) to base 12.
-112717
-5422221 (base 6) to base 2
-1000001010011100101
What is -192906 (base 10) in base 15?
-3c256
235b03 (base 12) to base 13
16c64a
Convert 323248 (base 10) to base 4.
1032322300
-220000100222 (base 3) to base 6
-14044125
23300221 (base 5) to base 15
42eab
47726 (base 8) to base 10
20438
-233241323 (base 5) to base 6
-34544251
-666810 (base 9) to base 4
-1201111203
-37a206 (base 16) to base 15
-4c043d
Convert 147066 (base 11) to base 7.
1642436
Convert 283616 (base 10) to base 4.
1011033200
What is 11121c (base 13) in base 7?
3264135
-15145252 (base 6) to base 11
-330239
Convert -1051652 (base 8) to base 13.
-9c0b6
Convert 121022112 (base 3) to base 10.
11894
Convert 2131001 (base 6) to base 10.
105193
What is -4c04a (base 14) in base 5?
-21433113
What is -1a0326 (base 11) in base 12?
-12a1a4
What is 672735 (base 8) in base 9?
375068
-112624060 (base 7) to base 4
-122130010030
10001011111011100010 (base 2) to base 11
36168a
Convert e2ea6 (base 16) to base 7.
10620520
Convert -167016 (base 8) to base 6.
-1150050
What is -1232b75 (base 14) in base 2?
-100001010010111001110011
Convert -17fed6 (base 16) to base 12.
-63a072
Convert 1150344344 (base 6) to base 3.
220210221111001
233240203 (base 6) to base 10
4359819
What is -44171 (base 9) in base 7?
-151303
11042350 (base 6) to base 5
4111334